{"id":5772,"date":"2024-03-02T22:01:22","date_gmt":"2024-03-02T20:01:22","guid":{"rendered":"https:\/\/rif.gdu.edu.az\/?page_id=5772"},"modified":"2024-03-02T22:01:22","modified_gmt":"2024-03-02T20:01:22","slug":"umumi-riyaziyyat-30","status":"publish","type":"page","link":"https:\/\/rif.gdu.edu.az\/?page_id=5772","title":{"rendered":"\u00dcmumi riyaziyyat"},"content":{"rendered":"\n<p class=\"has-text-align-center\" style=\"font-size:28px\"><strong>Kabin\u0259 m\u00fcdiri M\u0259mm\u0259dova \u015e\u0259hla Eldar\u00a0q\u0131z\u0131<\/strong><\/p>\n\n\n\n<div class=\"wp-block-image\"><figure class=\"aligncenter size-full is-resized\"><img loading=\"lazy\" decoding=\"async\" src=\"http:\/\/rif.gdu.edu.az\/wp-content\/uploads\/2024\/03\/S\u0259hla.jpg\" alt=\"\" class=\"wp-image-5708\" width=\"344\" height=\"426\"\/><\/figure><\/div>\n\n\n\n<p class=\"has-medium-font-size\"><strong>&nbsp;&nbsp;&nbsp;&nbsp;&nbsp;&nbsp;&nbsp;&nbsp;&nbsp;&nbsp;&nbsp;&nbsp;&nbsp; QISA B\u0130OQRAF\u0130K M\u018fLUMAT<\/strong><\/p>\n\n\n\n<ul class=\"has-medium-font-size wp-block-list\"><li>1982-c\u0130 il&nbsp; avqustun 8-d\u0259 G\u0259nc\u0259 \u015f\u0259h\u0259rind\u0259 ziyal\u0131 ail\u0259sind\u0259 &nbsp;anadan olmu\u015fdur.<\/li><li>1989 \u2013c\u0131&nbsp; ild\u0259 G\u0259nc\u0259 \u015f\u0259h\u0259rind\u0259 23 sayl\u0131 tam orta m\u0259kt\u0259bind\u0259 oxumu\u015fdur.<\/li><li>1999-ci ild\u0259 G\u0259nc\u0259 \u015f\u0259h\u0259rind\u0259 tam orta m\u0259kt\u0259bind\u0259&nbsp; t\u0259hsil alm\u0131\u015f, h\u0259min m\u0259kt\u0259bi bitirmi\u015fdir Ail\u0259lidir 2 \u00f6vlad\u0131 var. YAP-\u0131n \u00fczv\u00fcd\u00fcr.<\/li><\/ul>\n\n\n\n<p class=\"has-medium-font-size\"><strong>&nbsp;&nbsp;&nbsp;&nbsp;&nbsp;&nbsp;&nbsp;&nbsp;&nbsp;&nbsp;&nbsp;&nbsp;&nbsp; T\u018fHS\u0130L\u0130 v\u0259 ELM\u0130 D\u018fR\u018fC\u018f ADLARI<\/strong><\/p>\n\n\n\n<ul class=\"has-medium-font-size wp-block-list\"><li>2001-ci ild\u0259 -c\u00fc ild\u0259 GDU-nun Riyaziyyat-informatika&nbsp; fakult\u0259sinin&nbsp; daxil oub.<\/li><li>2004-c\u00fc ild\u0259 GDU-nun Riyaziyyat-informatika&nbsp; fakult\u0259sini&nbsp; bitirmi\u015fdir.<\/li><\/ul>\n\n\n\n<p class=\"has-medium-font-size\"><strong>&nbsp;&nbsp;&nbsp;&nbsp;&nbsp;&nbsp;&nbsp;&nbsp;&nbsp;&nbsp;&nbsp;&nbsp;&nbsp;&nbsp; \u018fM\u018fK F\u018fAL\u0130YY\u018fT\u0130<\/strong><\/p>\n\n\n\n<ul class=\"has-medium-font-size wp-block-list\"><li>2018 ci ild\u0259 GDU-nun kitabxanas\u0131nda &nbsp;kitabxana\u00e7\u0131 &nbsp;v\u0259zif\u0259sind\u0259 i\u015fl\u0259mi\u015f\u0259m<\/li><li>2019-ci ild\u0259 GDU-nun \u201d\u00dcmumi riyaziyyat\u201d&nbsp; kafedras\u0131nda kabin\u0259 m\u00fcdiri v\u0259zif\u0259sind\u0259 i\u015fl\u0259yir.<\/li><\/ul>\n","protected":false},"excerpt":{"rendered":"<p>Kabin\u0259 m\u00fcdiri M\u0259mm\u0259dova \u015e\u0259hla Eldar\u00a0q\u0131z\u0131 &nbsp;&nbsp;&nbsp;&nbsp;&nbsp;&nbsp;&nbsp;&nbsp;&nbsp;&nbsp;&nbsp;&nbsp;&nbsp; QISA B\u0130OQRAF\u0130K M\u018fLUMAT 1982-c\u0130 il&nbsp; avqustun 8-d\u0259 G\u0259nc\u0259 \u015f\u0259h\u0259rind\u0259 ziyal\u0131 ail\u0259sind\u0259 &nbsp;anadan olmu\u015fdur. 1989 \u2013c\u0131&nbsp; ild\u0259 G\u0259nc\u0259 \u015f\u0259h\u0259rind\u0259 23 sayl\u0131 tam orta m\u0259kt\u0259bind\u0259 oxumu\u015fdur. 1999-ci ild\u0259 G\u0259nc\u0259 \u015f\u0259h\u0259rind\u0259 tam orta m\u0259kt\u0259bind\u0259&nbsp; t\u0259hsil alm\u0131\u015f, h\u0259min m\u0259kt\u0259bi bitirmi\u015fdir Ail\u0259lidir 2 \u00f6vlad\u0131 var. YAP-\u0131n \u00fczv\u00fcd\u00fcr. &nbsp;&nbsp;&nbsp;&nbsp;&nbsp;&nbsp;&nbsp;&nbsp;&nbsp;&nbsp;&nbsp;&nbsp;&nbsp; T\u018fHS\u0130L\u0130 v\u0259 ELM\u0130 D\u018fR\u018fC\u018f ADLARI 2001-ci<\/p>\n<p><a href=\"https:\/\/rif.gdu.edu.az\/?page_id=5772\" class=\"more-link themebutton\">Daha \u0259trafl\u0131<\/a><\/p>\n","protected":false},"author":4,"featured_media":0,"parent":0,"menu_order":0,"comment_status":"closed","ping_status":"closed","template":"","meta":{"footnotes":""},"class_list":["post-5772","page","type-page","status-publish","hentry"],"_links":{"self":[{"href":"https:\/\/rif.gdu.edu.az\/index.php?rest_route=\/wp\/v2\/pages\/5772","targetHints":{"allow":["GET"]}}],"collection":[{"href":"https:\/\/rif.gdu.edu.az\/index.php?rest_route=\/wp\/v2\/pages"}],"about":[{"href":"https:\/\/rif.gdu.edu.az\/index.php?rest_route=\/wp\/v2\/types\/page"}],"author":[{"embeddable":true,"href":"https:\/\/rif.gdu.edu.az\/index.php?rest_route=\/wp\/v2\/users\/4"}],"replies":[{"embeddable":true,"href":"https:\/\/rif.gdu.edu.az\/index.php?rest_route=%2Fwp%2Fv2%2Fcomments&post=5772"}],"version-history":[{"count":1,"href":"https:\/\/rif.gdu.edu.az\/index.php?rest_route=\/wp\/v2\/pages\/5772\/revisions"}],"predecessor-version":[{"id":5773,"href":"https:\/\/rif.gdu.edu.az\/index.php?rest_route=\/wp\/v2\/pages\/5772\/revisions\/5773"}],"wp:attachment":[{"href":"https:\/\/rif.gdu.edu.az\/index.php?rest_route=%2Fwp%2Fv2%2Fmedia&parent=5772"}],"curies":[{"name":"wp","href":"https:\/\/api.w.org\/{rel}","templated":true}]}}