{"id":138,"date":"2015-12-02T23:06:35","date_gmt":"2015-12-02T21:06:35","guid":{"rendered":"http:\/\/bkf.gdu.edu.az\/?page_id=138"},"modified":"2025-09-09T18:14:38","modified_gmt":"2025-09-09T16:14:38","slug":"t%c9%99rbiy%c9%99-isl%c9%99ri-uzr%c9%99-dekan-muavini","status":"publish","type":"page","link":"https:\/\/rif.gdu.edu.az\/?page_id=138","title":{"rendered":"Humanitar m\u0259s\u0259l\u0259l\u0259r \u00fczr\u0259 dekan m\u00fcavini"},"content":{"rendered":"\n<h2 class=\"wp-block-heading\"><strong>T.f.d. Nur\u0259ngiz Firuz q\u0131z\u0131 B\u0259\u015firova<\/strong><\/h2>\n\n\n<div class=\"wp-block-image\">\n<figure class=\"aligncenter\"><img loading=\"lazy\" decoding=\"async\" width=\"437\" height=\"578\" src=\"http:\/\/rif.gdu.edu.az\/wp-content\/uploads\/2024\/02\/Nur\u0259ngiz.jpeg\" alt=\"\" class=\"wp-image-5439\"\/><\/figure><\/div>\n\n\n<p><\/p>\n\n\n\n<h4 class=\"wp-block-heading\">Riyaziyyat v\u0259 informatika fak\u00fclt\u0259sinin humanitar m\u0259s\u0259l\u0259l\u0259r \u00fczr\u0259 dekan m\u00fcavini<br> Riyazi analiz kafedrsa\u0131n\u0131n ba\u015f m\u00fc\u0259llimi, texnika \u00fczr\u0259 f\u0259ls\u0259f\u0259 doktoru<br> E \u2013 mail: nurangizbasirov@mail.ru<br> <u><br><br><\/u>QISA B\u0130OQRAF\u0130K M\u018fLUMAT<br> 14.08.1974 \u2013 c\u00fc ild\u0259 G\u0259nc\u0259 \u015f\u0259h\u0259rind\u0259 anadan olmu\u015fdur.<br> 1981-1991 \u2013 ci ill\u0259rd\u0259 orta m\u0259kt\u0259bd\u0259 oxumu\u015fdur.<br> 1991-1996 \u2013 ci ill\u0259rd\u0259 GDU-nun<br> Riyaziyyat-informatika fak\u00fclt\u0259sind\u0259 t\u0259hsil alm\u0131\u015fd\u0131r.<br> 1996 \u2013 c\u0131 ild\u0259 haz\u0131rki vaxta q\u0259d\u0259r GDU-nun Riyaziyyat-informatika fak\u00fclt\u0259sind\u0259 \u00e7al\u0131\u015f\u0131r.<br> T\u018fHS\u0130L\u0130 V\u018f ELM\u0130 D\u018fR\u018fC\u018fS\u0130<br> Ali<br> Torpa\u011f\u0131n bec\u0259rilm\u0259si texnoloji prosessinin v\u0259 kombin\u0259edilmi\u015f ma\u015f\u0131n\u0131n t\u0259kmill\u0259\u015fdirilm\u0259si (namiz\u0259dlik dissertasiyas\u0131) 2015 \u2013 ci il.<\/h4>\n\n\n\n<h4 class=\"wp-block-heading\">\u018fM\u018fK F\u018fAL\u0130YY\u018fT\u0130<br>\n1996 \u2013 c\u0131 ild\u0259 haz\u0131rki vaxta q\u0259d\u0259r GDU-nun Riyaziyyat-informatika fak\u00fclt\u0259sind\u0259 \u00e7al\u0131\u015f\u0131r.<br>\nRiyaziyyat \u2013 informatika fak\u00fclt\u0259sinin Riyazi analiz kafedras\u0131nda ba\u015f m\u00fc\u0259llim.<br>\n28 \u2013 dan \u00e7ox m\u0259qal\u0259nin m\u00fc\u0259llifidir.<\/h4>\n\n\n\n<h4 class=\"wp-block-heading\">T\u018fDQ\u0130QAT SAH\u018fS\u0130<br>\nRiyazi analiz, Diferensial t\u0259nlikl\u0259r, Riyazi fizika t\u0259nlikl\u0259ri<\/h4>\n","protected":false},"excerpt":{"rendered":"<p>T.f.d. Nur\u0259ngiz Firuz q\u0131z\u0131 B\u0259\u015firova Riyaziyyat v\u0259 informatika fak\u00fclt\u0259sinin humanitar m\u0259s\u0259l\u0259l\u0259r \u00fczr\u0259 dekan m\u00fcavini Riyazi analiz kafedrsa\u0131n\u0131n ba\u015f m\u00fc\u0259llimi, texnika \u00fczr\u0259 f\u0259ls\u0259f\u0259 doktoru E \u2013 mail: nurangizbasirov@mail.ru QISA B\u0130OQRAF\u0130K M\u018fLUMAT 14.08.1974 \u2013 c\u00fc ild\u0259 G\u0259nc\u0259 \u015f\u0259h\u0259rind\u0259 anadan olmu\u015fdur. 1981-1991 \u2013 ci ill\u0259rd\u0259 orta m\u0259kt\u0259bd\u0259 oxumu\u015fdur. 1991-1996 \u2013 ci ill\u0259rd\u0259 GDU-nun Riyaziyyat-informatika fak\u00fclt\u0259sind\u0259 t\u0259hsil alm\u0131\u015fd\u0131r. 1996<\/p>\n<p><a href=\"https:\/\/rif.gdu.edu.az\/?page_id=138\" class=\"more-link themebutton\">Daha \u0259trafl\u0131<\/a><\/p>\n","protected":false},"author":1,"featured_media":0,"parent":0,"menu_order":0,"comment_status":"closed","ping_status":"closed","template":"","meta":{"footnotes":""},"class_list":["post-138","page","type-page","status-publish","hentry"],"_links":{"self":[{"href":"https:\/\/rif.gdu.edu.az\/index.php?rest_route=\/wp\/v2\/pages\/138","targetHints":{"allow":["GET"]}}],"collection":[{"href":"https:\/\/rif.gdu.edu.az\/index.php?rest_route=\/wp\/v2\/pages"}],"about":[{"href":"https:\/\/rif.gdu.edu.az\/index.php?rest_route=\/wp\/v2\/types\/page"}],"author":[{"embeddable":true,"href":"https:\/\/rif.gdu.edu.az\/index.php?rest_route=\/wp\/v2\/users\/1"}],"replies":[{"embeddable":true,"href":"https:\/\/rif.gdu.edu.az\/index.php?rest_route=%2Fwp%2Fv2%2Fcomments&post=138"}],"version-history":[{"count":13,"href":"https:\/\/rif.gdu.edu.az\/index.php?rest_route=\/wp\/v2\/pages\/138\/revisions"}],"predecessor-version":[{"id":7681,"href":"https:\/\/rif.gdu.edu.az\/index.php?rest_route=\/wp\/v2\/pages\/138\/revisions\/7681"}],"wp:attachment":[{"href":"https:\/\/rif.gdu.edu.az\/index.php?rest_route=%2Fwp%2Fv2%2Fmedia&parent=138"}],"curies":[{"name":"wp","href":"https:\/\/api.w.org\/{rel}","templated":true}]}}