{"id":805,"date":"2016-03-14T07:28:24","date_gmt":"2016-03-14T05:28:24","guid":{"rendered":"http:\/\/rif.gdu.edu.az\/?page_id=805"},"modified":"2025-04-05T09:02:22","modified_gmt":"2025-04-05T07:02:22","slug":"umumi-riyaziyyat-11","status":"publish","type":"page","link":"http:\/\/rif.gdu.edu.az\/?page_id=805","title":{"rendered":"\u00dcmumi   riyaziyyat"},"content":{"rendered":"\n<h2 class=\"wp-block-heading\"><strong>P.F.D., ba\u015f m\u00fc\u0259llim C\u0259f\u0259rli Esmira Vahid q\u0131z\u0131 <\/strong><\/h2>\n\n\n<div class=\"wp-block-image\">\n<figure class=\"aligncenter\"><img loading=\"lazy\" decoding=\"async\" width=\"199\" height=\"265\" src=\"http:\/\/rif.gdu.edu.az\/wp-content\/uploads\/2024\/03\/Esmira.jpg\" alt=\"\" class=\"wp-image-5693\"\/><\/figure><\/div>\n\n\n<p><\/p>\n\n\n\n<h3 class=\"wp-block-heading\"><strong>QISA B\u0130OQRAF\u0130K M\u018fLUMAT<\/strong><\/h3>\n\n\n\n<h3 class=\"wp-block-heading\"><strong>&nbsp;<\/strong>1979-ci il fevral\u0131n 24-d\u0259 G\u0259nc\u0259 \u015f\u0259h\u0259rind\u0259 m\u00fc\u0259llim ail\u0259sind\u0259 anadan olmu\u015fdur.<\/h3>\n\n\n\n<h3 class=\"wp-block-heading\">1986 \u2013c\u0131 ild\u0259 G\u0259nc\u0259 \u015f\u0259h\u0259rind\u0259 4 sayl\u0131 tam orta m\u0259kt\u0259bind\u0259 oxumu\u015fdur.<\/h3>\n\n\n\n<h3 class=\"wp-block-heading\">1996-ci ild\u0259 G\u0259nc\u0259 \u015f\u0259h\u0259rind\u0259 tam orta m\u0259kt\u0259bind\u0259 t\u0259hsil alm\u0131\u015f, h\u0259min m\u0259kt\u0259bi bitirmi\u015fdir.  YAP-\u0131n \u00fczv\u00fcd\u00fcr<\/h3>\n\n\n\n<h3 class=\"wp-block-heading\"><strong>T\u018fHS\u0130L\u0130 v\u0259 ELM\u0130 D\u018fR\u018fC\u018f ADLARI<\/strong><\/h3>\n\n\n\n<ul class=\"wp-block-list\">\n<li><br><h3>2000-cu ild\u0259 G\u0259nc\u0259 D\u00f6vl\u0259t Universitetinin Riyaziyyat-informatika fakult\u0259sinin bakalabr piil\u0259sini\u00a0 bitirmi\u015fdir.<\/h3><br><\/li>\n\n\n\n<li><br><h3>2002-ci ild\u0259 GDU-nun \u201cRiyaziyyat\u0131n t\u0259drisi metodikas\u0131 v\u0259 metodologiyas\u0131\u201d ixtisasla\u015fmas\u0131 \u00fczr\u0259 magistratura pill\u0259sini bitirmi\u015fdir.<\/h3><br><\/li>\n\n\n\n<li><br><h3>2015-ci ild\u0259 \u201cM\u0259s\u0259l\u0259 h\u0259lli vasit\u0259sil\u0259 riyaziyyat t\u0259liminin h\u0259yatla \u0259laq\u0259l\u0259ndirilm\u0259si \u201d m\u00f6vzusunda pedaqogika \u00fczr\u0259 f\u0259ls\u0259f\u0259 doktoru elmi d\u0259r\u0259c\u0259si almaq \u00fc\u00e7\u00fcn dissertasiya i\u015fini m\u00fcdafi\u0259 etmi\u015fdir.<\/h3><br><\/li>\n<\/ul>\n\n\n\n<h3 class=\"wp-block-heading\"><strong>\u018fM\u018fK F\u018fAL\u0130YY\u018fT\u0130<\/strong><\/h3>\n\n\n\n<ul class=\"wp-block-list\">\n<li><br><h3>2002-ci ilin sentyabr\u0131ndan GDU-nun Riyaziyyat\u0131n t\u0259drisi metodikas\u0131 kafedras\u0131nda m\u00fc\u0259llim<\/h3><br><\/li>\n\n\n\n<li><br><h3>2016-ci ilin may ay\u0131ndan GDU-nun \u00dcmumi riyaziyyat kafedras\u0131nda ba\u015f m\u00fc\u0259llim<\/h3><br><\/li>\n\n\n\n<li><br><h3>2022 \u2013 ci ilin iyun ay\u0131ndan GDU \u2013 nunn \u00dcmumi riyaziyyat kafedras\u0131nda dosent \u0259v\u0259zi<\/h3><br><\/li>\n<\/ul>\n\n\n\n<h3 class=\"wp-block-heading\"><strong>&nbsp;<\/strong><strong>T\u018fLT\u0130FL\u018fR\u0130<\/strong><\/h3>\n\n\n\n<ul class=\"wp-block-list\">\n<li><br><h3>G\u0259nc\u0259 D\u00f6vl\u0259t Univeritetinin rektorunun 02 oktyabr 2019-ci il tarixli 2\\38 sayl\u0131 \u0259mri il\u0259 \u201cF\u0259xri f\u0259rman\u201dla t\u0259ltif edilmi\u015fdir.<\/h3><br><\/li>\n<\/ul>\n\n\n\n<h3 class=\"wp-block-heading\"><strong>&nbsp; &nbsp; <\/strong><strong>T\u018fDQ\u0130QAT SAH\u018fS\u0130<\/strong><\/h3>\n\n\n\n<ul class=\"wp-block-list\">\n<li><br><h3><strong>\u201c<\/strong>Riyaziyyat\u0131n t\u0259drisi metodikas\u0131<strong>\u201d,<\/strong> \u201cM\u0259kt\u0259b riyaziyya t kursunun proqram material\u0131n\u0131n t\u0259hlili\u201d,\u201dAli riyaziyyat elementl\u0259rinin t\u0259drisi metodikas\u0131\u201d<\/h3><br><\/li>\n<\/ul>\n\n\n\n<h3 class=\"wp-block-heading\"><strong>&nbsp;<\/strong><strong>ELM\u0130 \u018fS\u018fRL\u018fR\u0130<\/strong><\/h3>\n\n\n\n<ul class=\"wp-block-list\">\n<li><br><h3>A\u015fa\u011f\u0131dak\u0131 elmi \u0259s\u0259rl\u0259rin, o c\u00fcml\u0259d\u0259n y\u00fcks\u0259k indeksli m\u0259qal\u0259 v\u0259 tezisl\u0259rin, bir \u00e7ox qrifli n\u0259\u015fr olunmu\u015f f\u0259nn proqramlar\u0131n\u0131n, metodik v\u0259 d\u0259rs v\u0259saitinin m\u00fc\u0259llifidir.<\/h3><br><\/li>\n<\/ul>\n\n\n\n<ol class=\"wp-block-list\">\n<li><br><h3>E.V.C\u0259f\u0259rli, S.S. H\u0259midov Riyaziyyat t\u0259liminin h\u0259yatla \u0259laq\u0259l\u0259ndirilm\u0259sinin aktual m\u0259s\u0259l\u0259l\u0259ri (V-VI sinifl\u0259r).<\/h3><br><\/li>\n<\/ol>\n\n\n\n<h3 class=\"wp-block-heading\">Pedaqoji Universitte x\u0259b\u0259rl\u0259r \u2013 Bak\u0131 \u2116-6 2009<\/h3>\n\n\n\n<ol start=\"2\" class=\"wp-block-list\">\n<li><br><h3>E.V.C\u0259f\u0259rli \u2013 Riyaziyyatdan t\u0259dris m\u0259s\u0259l\u0259si-\u015fagirdl\u0259rin inki\u015faf\u0131n\u0131n t\u0259min ed\u0259n vasit\u0259 kimi. Pedaqoji Universitte<\/h3><br><\/li>\n<\/ol>\n\n\n\n<h3 class=\"wp-block-heading\">x\u0259b\u0259rl\u0259r \u2013 Bak\u0131 \u2116-2\/ 2010.<\/h3>\n\n\n\n<ol start=\"3\" class=\"wp-block-list\">\n<li><br><h3>M\u0259s\u0259l\u0259 h\u0259lli vasit\u0259sil\u0259 riyazi biliyin inki\u015faf etdirilm\u0259si. ADPU \u201cX\u0259b\u0259rl\u0259r\u201d \u2116 3. 2011<\/h3><br><\/li>\n\n\n\n<li><br><h3>V-VI sinifl\u0259rin riyaziyyat kursunda t\u0259dris m\u0259s\u0259l\u0259l\u0259rinin inki\u015faf etdirici funksiyalar\u0131. ADPU \u201cX\u0259b\u0259rl\u0259r\u201d \u2116 2 ,\u00a0\u00a0 2011<\/h3><br><\/li>\n\n\n\n<li><br><h3>\u0423\u0447\u0435\u0431\u043d\u044b\u0435 \u0437\u0430\u0434\u0430\u0447\u0438 \u043a\u0430\u043a \u0441\u0440\u0435\u0434\u0441\u0442\u0432\u043e \u043c\u0430\u0442\u0435\u043c\u0430\u0442\u0438\u0447\u0435\u0441\u043a\u043e\u0433\u043e \u0440\u0430\u0437\u0432\u0438\u0442\u0438\u044f \u0443\u0447\u0430\u0449\u0438\u0445\u0441\u044f V-VI \u043a\u043b\u0430\u0441\u0441\u043e\u0432 . \u0412\u0435\u0441\u0442\u043d\u0438\u043a \u041a\u0430\u0437\u041d\u041f\u0423<\/h3><br><\/li>\n<\/ol>\n\n\n\n<h3 class=\"wp-block-heading\">\u0438\u043c.\u0410\u0431\u0430\u044f, \u0441\u0435\u0440\u0438\u044f \u00ab\u041f\u0435\u0434\u0430\u0433\u043e\u0433\u0438\u0447\u0435\u0441\u043a\u0438\u0435 \u043d\u0430\u0443\u043a\u0438\u00bb, \u0410\u043b\u043c\u0430\u0442\u044b, 2011, \u21162 (30)<\/h3>\n\n\n\n<ol start=\"6\" class=\"wp-block-list\">\n<li><br><h3>V-VI sinifl\u0259rin riyaziyyat kursunda t\u0259dris m\u0259s\u0259l\u0259l\u0259rinin inki\u015fafetdirici funksiyalar\u0131. Pedaqoji Universitet X\u0259b\u0259rl\u0259ri.<\/h3><br><\/li>\n<\/ol>\n\n\n\n<h3 class=\"wp-block-heading\">Pedaqoji-psixoloji elml\u0259r seriyas\u0131. 2011, \u21163<\/h3>\n\n\n\n<ol start=\"7\" class=\"wp-block-list\">\n<li><br><h3>Riyaziyyatdan idrak\u0131 f\u0259alla\u015fd\u0131ran suallar v\u0259 \u00e7al\u0131\u015fmalar inki\u015fafetdirici vasit\u0259 kimi. Az\u0259rbaycan Respublikas\u0131 T\u0259hsil<\/h3><br><\/li>\n<\/ol>\n\n\n\n<h3 class=\"wp-block-heading\">Probleml\u0259ri \u0130nstitutu. Elmi \u0259s\u0259rl\u0259r. 2011, \u21164<\/h3>\n\n\n\n<ol start=\"8\" class=\"wp-block-list\">\n<li><br><h3>M\u0259s\u0259l\u0259 h\u0259lli vasit\u0259sil\u0259 riyazi biliyin inki\u015faf etdirilm\u0259si . Pedaqoji Universitet X\u0259b\u0259rl\u0259ri. Pedaqoji-psixoloji elml\u0259r<\/h3><br><\/li>\n<\/ol>\n\n\n\n<h3 class=\"wp-block-heading\">seriyas\u0131. 2011, \u21163<\/h3>\n\n\n\n<ol start=\"9\" class=\"wp-block-list\">\n<li><br><h3>Riyaziyyat t\u0259liminin h\u0259yatla \u0259laq\u0259l\u0259ndirilm\u0259si d\u00fcnyag\u00f6r\u00fc\u015f\u00fcn\u00fcn formala\u015fd\u0131r\u0131lmas\u0131 vasit\u0259si kimi. AMEA, G\u0259nc\u0259<\/h3><br><\/li>\n<\/ol>\n\n\n\n<h3 class=\"wp-block-heading\">Regional Elmi M\u0259rk\u0259z. \u201cX\u0259b\u0259rl\u0259r m\u0259cmu\u0259si\u201d. G\u0259nc\u0259, \u211648, 2012<\/h3>\n\n\n\n<ol start=\"10\" class=\"wp-block-list\">\n<li><br><h3>\u0418\u0441\u043f\u043e\u043b\u044c\u0437\u043e\u0432\u0430\u043d\u0438\u0435 \u043c\u043e\u0434\u0435\u043b\u0438\u0440\u043e\u0432\u0430\u043d\u0438\u044f \u043a\u0430\u043a \u0441\u0440\u0435\u0434\u0441\u0442\u0432\u0430 \u0438\u043d\u0444\u043e\u0440\u043c\u0430\u0442\u0438\u043a\u0438 \u0432 \u043e\u0431\u0443\u0447\u0435\u043d\u0438\u0438 \u0440\u0435\u0448\u0435\u043d\u0438\u044e \u0437\u0430\u0434\u0430\u0447 \u0432 V-VI \u043a\u043b\u0430\u0441\u0441\u0435.<\/h3><br><\/li>\n<\/ol>\n\n\n\n<h3 class=\"wp-block-heading\">\u0421\u0430\u043d\u043a\u0442-\u041f\u0435\u0442\u0435\u0440\u0431\u0443\u0440\u0433\u0441\u043a\u0438\u0439 \u0413\u043e\u0441\u0443\u0434\u0430\u0440\u0441\u0442\u0432\u0435\u043d\u043d\u044b\u0439 \u0410\u0433\u0440\u0430\u0440\u043d\u044b\u0439 \u0423\u043d\u0438\u0432\u0435\u0440\u0441\u0438\u0442\u0435\u0442. \u041d\u0430\u0443\u0447\u043d\u043e\u0435 \u043e\u0431\u0435\u0441\u043f\u0435\u0447\u0435\u043d\u0438\u0435 \u0440\u0430\u0437\u0432\u0438\u0442\u0438\u044f \u0410\u041f\u041a \u0432<\/h3>\n\n\n\n<h3 class=\"wp-block-heading\">\u0443\u0441\u043b\u043e\u0432\u0438\u044f\u0445 \u0440\u0435\u0444\u043e\u0440\u043c\u0438\u0440\u043e\u0432\u0430\u043d\u0438\u044f. \u0421\u0430\u043d\u043a\u0442-\u041f\u0435\u0442\u0435\u0440\u0431\u0443\u0440\u0433, 2012<\/h3>\n\n\n\n<ol start=\"11\" class=\"wp-block-list\">\n<li><br><h3>V-VI sinifl\u0259rd\u0259 statistika v\u0259 ehtimal n\u0259z\u0259riyy\u0259si elementl\u0259rin\u0259 aid bilikl\u0259rin m\u0259s\u0259l\u0259 h\u0259lli vasit\u0259sil\u0259 verilm\u0259si . GDU.<\/h3><br><\/li>\n<\/ol>\n\n\n\n<h3 class=\"wp-block-heading\">Riyaziyyat v\u0259 \u0130KT-nin t\u0259tbiq sah\u0259l\u0259ri. Yeni t\u0259dris texnologiyalar\u0131. Beyn\u0259lxalq konfrans. 05-06 iyun 2014-c\u00fc il. I<\/h3>\n\n\n\n<h3 class=\"wp-block-heading\">hiss\u0259. G\u0259nc\u0259, 2014.<\/h3>\n\n\n\n<ol start=\"12\" class=\"wp-block-list\">\n<li><br><h3>D\u00f6vr\u00fc onluq k\u0259srl\u0259r \u0259d\u0259di s\u0131ra kimi. GDU. G\u0259nc\u0259 2019<\/h3><br><\/li>\n\n\n\n<li><br><h3>On the Number of Lattice Points in the Shited Circles ISSN 2218 \u20136816, I.Sh.Jabbarov, N.Sh.Aslanova, Pag. 16<\/h3><br><\/li>\n<\/ol>\n\n\n\n<h3 class=\"wp-block-heading\">Pag.174-189 2020<\/h3>\n\n\n\n<ol start=\"14\" class=\"wp-block-list\">\n<li><br><h3>T\u0259limin h\u0259yatla \u0259laq\u0259l\u0259ndirilm\u0259sind\u0259 riyazi anlay\u0131\u015flar\u0131n t\u0259tbiqinin psixoloji x\u00fcsusiyy\u0259tl\u0259ri, Az\u0259rbaycan Respublikas\u0131<\/h3><br><\/li>\n<\/ol>\n\n\n\n<h3 class=\"wp-block-heading\">T\u0259hsil Nazirliyi. Sumqay\u0131t D\u00f6vl\u0259t Universiteti. Az\u0259rbaycan Milli Elml\u0259r Akademiyas\u0131. Riyaziyyat v\u0259 Mexanika \u0130nstitutu.<\/h3>\n\n\n\n<h3 class=\"wp-block-heading\">Riyaziyyat\u0131n N\u0259z\u0259ri v\u0259 t\u0259tbiqi probleml\u0259ri. Beyn\u0259lxalq Elmi Konfrans materiallar\u0131. Sumqay\u0131t \u015f\u0259h\u0259ri.2017<\/h3>\n\n\n\n<ol start=\"15\" class=\"wp-block-list\">\n<li><br><h3>\u201cAli m\u0259kt\u0259bd\u0259 biliyin qiym\u0259tl\u0259ndirilm\u0259si\u201d Az\u0259rbaycan Respublikas\u0131 T\u0259hsil Nazirliyi. Bak\u0131 D\u00f6vl\u0259t Universiteti. Star-Net<\/h3><br><\/li>\n<\/ol>\n\n\n\n<h3 class=\"wp-block-heading\">\u015f\u0259b\u0259k\u0259si. Magistrl\u0259rin v\u0259 g\u0259nc t\u0259dqiqat\u00e7\u0131lar\u0131n \u201cfizika v\u0259 astronomiya \u201d beyn\u0259lxalq elmi konfrans\u0131n\u0131n materiallar\u0131. Bak\u0131<\/h3>\n\n\n\n<h3 class=\"wp-block-heading\">\u015f\u0259h\u0259ri \u015e.V.\u015e\u00fck\u00fcrl\u00fc, X.T.\u018fliyeva 2018<\/h3>\n\n\n\n<ol start=\"16\" class=\"wp-block-list\">\n<li><br><h3>M\u0259kt\u0259bd\u0259 riyaziyyat t\u0259liminin h\u0259yatla \u0259laq\u0259l\u0259ndirilm\u0259sinin \u0259lveri\u015fli yollar\u0131. Az\u0259rbaycan Respublikas\u0131 T\u0259hsil Nazirliyi.<\/h3><br><\/li>\n<\/ol>\n\n\n\n<h3 class=\"wp-block-heading\">G\u0259nc\u0259 \u015f\u0259h\u0259r \u0130cra Hakimiyy\u0259ti.G\u0259nc\u0259 D\u00f6vl\u0259t Universiteti.G\u0259nc aliml\u0259rin III beyn\u0259lxalq elmi Konfrans\u0131.G\u0259nc\u0259 \u015f\u0259h\u0259ri 2018<\/h3>\n\n\n\n<ol start=\"17\" class=\"wp-block-list\">\n<li><br><h3>\u0423\u043f\u0440\u0430\u0432\u043b\u0435\u043d\u0438\u0435 \u043f\u043e\u0437\u043d\u0430\u0432\u0430\u0442\u0435\u043b\u044c\u043d\u043e\u0439 \u0434\u0435\u044f\u0442\u0435\u043b\u044c\u043d\u043e\u0441\u0442\u044c\u044e \u0443\u0447\u0430\u0449\u0438\u0445\u0441\u044f \u0432 \u043f\u0440\u043e\u0446\u0435\u0441\u0441\u0435 \u0440\u0435\u0448\u0435\u043d\u0438\u044f \u0437\u0430\u0434\u0430\u0447. ISSN 2541 \u20139862 \u0418\u043d\u0442\u0435\u0440\u043d\u0430\u0443\u043a\u0430.<\/h3><br><\/li>\n<\/ol>\n\n\n\n<h3 class=\"wp-block-heading\">\u0421\u0431\u043e\u0440\u043d\u0438\u043a \u0441\u0442\u0430\u0442\u0435\u0439 \u043f\u043e \u043c\u0430\u0442\u0435\u0440\u0438\u0430\u043b\u0430\u043c \u0425\u0425\u0425II \u041c\u0435\u0436\u0434\u0443\u043d\u0430\u0440\u043e\u0434\u043d\u043e\u0439 \u043d\u0430\u0443\u0447\u043d\u043e-\u043f\u0440\u0430\u043a\u0442\u0438\u0447\u0435\u0441\u043a\u043e\u0439 \u043a\u043e\u043d\u0444\u0435\u0440\u0435\u043d\u0446\u0438\u0438.\u041f\u0435\u0434\u0430\u0433\u043e\u0433\u0438\u043a\u0430 \u0438<\/h3>\n\n\n\n<h3 class=\"wp-block-heading\">\u043f\u0441\u0438\u0445\u043e\u043b\u043e\u0433\u0438\u044f \u0432 \u0441\u043e\u0432\u0440\u0435\u043c\u0435\u043d\u043d\u043e\u043c \u043c\u0438\u0440\u0435: \u0442\u0435\u043e\u0440\u0435\u0442\u0438\u0447\u0435\u0441\u043a\u0438\u0435 \u0438 \u043f\u0440\u0430\u043a\u0442\u0438\u0447\u0435\u0441\u043a\u0438\u0435 \u0438\u0441\u043b\u0435\u0434\u043e\u0432\u0430\u043d\u0438\u044f. \u2116 2(32) \u041c\u043e\u0441\u043a\u0432\u0430 2020.<\/h3>\n\n\n\n<ol start=\"18\" class=\"wp-block-list\">\n<li><br><h3>M\u0259s\u0259l\u0259 h\u0259lli vasit\u0259sil\u0259 riyaziyyat t\u0259liminin yeni h\u0259yatla \u0259laq\u0259l\u0259ndirilm\u0259si: problemin kurikulumda qoyulu\u015fu(V-VI sinifl\u0259r) Az\u0259rbaycan Respublikas\u0131n\u0131n T\u0259hsil \u0130nstitutu. \u0130SSN 2409-8817, \u21164 2020<\/h3><br><\/li>\n\n\n\n<li><br><h3>Orta m\u0259kt\u0259b \u015fagirdl\u0259rin\u0259 riyaziyyat f\u0259nninin onlayn t\u0259drisind\u0259 s\u0259m\u0259r\u0259li metodlar, Az\u0259rbaycan Respublikas\u0131n\u0131n T\u0259hsil \u0130nstitutu \u21165, 2021<\/h3><br><\/li>\n\n\n\n<li><br><h3>\u041e\u043f\u0442\u0438\u043c\u0438\u0437\u0430\u0446\u0438\u044f \u043f\u043e \u044d\u043b\u0435\u043c\u0435\u043d\u0442\u0430\u043c \u0441\u0442\u0430\u0442\u0438\u0441\u0442\u0438\u043a\u0438 \u0438 \u0442\u0435\u043e\u0440\u0438\u0438 \u0432\u0435\u0440\u043e\u044f\u0442\u043d\u043e\u0441\u0442\u0435\u0439 \u0432 5 \u043a\u043b\u0430\u0441\u0441\u0435 \u0447\u0435\u0440\u0435\u0437 \u0440\u0435\u0448\u0435\u043d\u0438\u0435 \u0437\u0430\u0434\u0430\u0447. International<\/h3><br><\/li>\n<\/ol>\n\n\n\n<h3 class=\"wp-block-heading\">Electronic Scientifik and Practical Journal Way Science. 12 th \u0130nternational Scientifik and Practical \u0130nternet Conference\u201cModern Movement of Science\u201d.Ukraine \u21161 2021<\/h3>\n\n\n\n<ol start=\"21\" class=\"wp-block-list\">\n<li><br><h3>Riyaziyyat\u0131n t\u0259drisi metodikas\u0131n\u0131n h\u0259yatla \u0259laq\u0259l\u0259ndirilm\u0259si. Metodik v\u0259sait. G\u0259nc\u0259 D\u00f6vl\u0259t Universiteti. G\u0259nc\u0259 \u015f\u0259h\u0259ri 2018<\/h3><br><\/li>\n\n\n\n<li><br><h3>Hesablama Riyaziyyat\u0131, d\u0259rslik. E.Abbasov \u201cElm v\u0259 t\u0259hsil\u201d, Bak\u0131 \u015f\u0259h\u0259ri 2020<\/h3><br><\/li>\n\n\n\n<li><br><h3>OPTIMAL WAYS OF TEACHING THE TOPIC &amp;quot;TRIGONOMETRIC EQUATIONS&amp;quot; IN THE SCHOOL MATHEMATICS COURSE, M.J.Muzaffar,M.P.Mayil UOT372.851<\/h3><br><\/li>\n\n\n\n<li><br><h3>VI sinifl\u0259rd\u0259 \u015fagirdl\u0259rin statistika v\u0259 ehtimal n\u0259z\u0259riyy\u0259si elementl\u0259ri il\u0259 m\u0259s\u0259l\u0259 h\u0259lli vasit\u0259sil\u0259 tan\u0131\u015f edilm\u0259si metodikas\u0131 Az\u0259rbaycan Respublikas\u0131n\u0131n T\u0259hsil \u0130nstitutu \u21162 2023<\/h3><br><\/li>\n<\/ol>\n\n\n\n<h3 class=\"wp-block-heading\"><strong>&nbsp;&nbsp;&nbsp;&nbsp;&nbsp;&nbsp;&nbsp;&nbsp;&nbsp;&nbsp;&nbsp;&nbsp; BEYNALXALQ V\u018f RESPUBL\u0130KA S\u0130MPOZ\u0130UM V\u018f KONFRANSLARDA \u0130\u015eT\u0130RAKI:<\/strong><\/h3>\n\n\n\n<ul class=\"wp-block-list\">\n<li><br><h3>Az\u0259rbaycan Respublikas\u0131nda, el\u0259c\u0259 d\u0259 \u00f6lk\u0259 h\u00fcdudlar\u0131ndan k\u0259narda ke\u00e7irilmi\u015f bir \u00e7ox beyn\u0259lxalq v\u0259 respublika elmi konfranslarda i\u015ftirak etmi\u015fdir.<\/h3><br><\/li>\n<\/ul>\n","protected":false},"excerpt":{"rendered":"<p>P.F.D., ba\u015f m\u00fc\u0259llim C\u0259f\u0259rli Esmira Vahid q\u0131z\u0131 QISA B\u0130OQRAF\u0130K M\u018fLUMAT &nbsp;1979-ci il fevral\u0131n 24-d\u0259 G\u0259nc\u0259 \u015f\u0259h\u0259rind\u0259 m\u00fc\u0259llim ail\u0259sind\u0259 anadan olmu\u015fdur. 1986 \u2013c\u0131 ild\u0259 G\u0259nc\u0259 \u015f\u0259h\u0259rind\u0259 4 sayl\u0131 tam orta m\u0259kt\u0259bind\u0259 oxumu\u015fdur. 1996-ci ild\u0259 G\u0259nc\u0259 \u015f\u0259h\u0259rind\u0259 tam orta m\u0259kt\u0259bind\u0259 t\u0259hsil alm\u0131\u015f, h\u0259min m\u0259kt\u0259bi bitirmi\u015fdir. YAP-\u0131n \u00fczv\u00fcd\u00fcr T\u018fHS\u0130L\u0130 v\u0259 ELM\u0130 D\u018fR\u018fC\u018f ADLARI \u018fM\u018fK F\u018fAL\u0130YY\u018fT\u0130 &nbsp;T\u018fLT\u0130FL\u018fR\u0130 &nbsp; &nbsp;<\/p>\n<p><a href=\"http:\/\/rif.gdu.edu.az\/?page_id=805\" class=\"more-link themebutton\">Daha \u0259trafl\u0131<\/a><\/p>\n","protected":false},"author":4,"featured_media":0,"parent":0,"menu_order":0,"comment_status":"closed","ping_status":"closed","template":"","meta":{"footnotes":""},"class_list":["post-805","page","type-page","status-publish","hentry"],"_links":{"self":[{"href":"http:\/\/rif.gdu.edu.az\/index.php?rest_route=\/wp\/v2\/pages\/805","targetHints":{"allow":["GET"]}}],"collection":[{"href":"http:\/\/rif.gdu.edu.az\/index.php?rest_route=\/wp\/v2\/pages"}],"about":[{"href":"http:\/\/rif.gdu.edu.az\/index.php?rest_route=\/wp\/v2\/types\/page"}],"author":[{"embeddable":true,"href":"http:\/\/rif.gdu.edu.az\/index.php?rest_route=\/wp\/v2\/users\/4"}],"replies":[{"embeddable":true,"href":"http:\/\/rif.gdu.edu.az\/index.php?rest_route=%2Fwp%2Fv2%2Fcomments&post=805"}],"version-history":[{"count":6,"href":"http:\/\/rif.gdu.edu.az\/index.php?rest_route=\/wp\/v2\/pages\/805\/revisions"}],"predecessor-version":[{"id":7198,"href":"http:\/\/rif.gdu.edu.az\/index.php?rest_route=\/wp\/v2\/pages\/805\/revisions\/7198"}],"wp:attachment":[{"href":"http:\/\/rif.gdu.edu.az\/index.php?rest_route=%2Fwp%2Fv2%2Fmedia&parent=805"}],"curies":[{"name":"wp","href":"https:\/\/api.w.org\/{rel}","templated":true}]}}