{"id":803,"date":"2016-03-14T07:25:23","date_gmt":"2016-03-14T05:25:23","guid":{"rendered":"http:\/\/rif.gdu.edu.az\/?page_id=803"},"modified":"2024-03-02T20:28:59","modified_gmt":"2024-03-02T18:28:59","slug":"umumi-riyaziyyat-10","status":"publish","type":"page","link":"http:\/\/rif.gdu.edu.az\/?page_id=803","title":{"rendered":"\u00dcmumi   riyaziyyat"},"content":{"rendered":"<h2 style=\"text-align: center;\"><strong>Ba\u015f m\u00fc\u0259llim H\u00fcseynova \u015e\u0259raf\u0259t N\u0259riman q\u0131z\u0131<\/strong><\/h2>\n<h3><img loading=\"lazy\" decoding=\"async\" class=\"wp-image-5709 aligncenter\" src=\"http:\/\/rif.gdu.edu.az\/wp-content\/uploads\/2024\/03\/S\u0259raf\u0259t.jpg\" alt=\"\" width=\"337\" height=\"440\" \/><\/h3>\n<h3><strong>\u00a0\u00a0\u00a0 \u00a0\u00a0\u00a0\u00a0\u00a0\u00a0QISA B\u0130OQRAF\u0130K M\u018fLUMAT<\/strong><\/h3>\n<h3><strong>\u00a0<\/strong><span style=\"color: initial;\">1970-ci ild\u0259 12 avqust G\u0259nc\u0259 \u015f\u0259h\u0259rind\u0259 ziyal\u0131 ail\u0259sind\u0259 anadan olmu\u015fdur.<\/span><\/h3>\n<ul>\n<li>\n<h3>1977 \u2013ci ild\u0259 G\u0259nc\u0259 \u015f\u0259h\u0259rind\u025922 sayl\u0131 tam orta m\u0259kt\u0259bind\u0259 oxumu\u015fdur.<\/h3>\n<\/li>\n<li>\n<h3>1987-ci ild\u0259 G\u0259nc\u0259 \u015f\u0259h\u0259rind\u0259 22 sayl\u0131 tam orta m\u0259kt\u0259bind\u0259 t\u0259hsil alm\u0131\u015f, h\u0259min m\u0259kt\u0259bi bitirmi\u015fdir. Ail\u0259lidir, Yap-\u0131n \u00fczv\u00fcd\u00fcr. Ail\u0259lidir.1 \u00f6vlad\u0131 var. 2005-ci ild\u0259n YAP-\u0131n \u00fczv\u00fcd\u00fcr.<\/h3>\n<\/li>\n<\/ul>\n<h3><strong>\u00a0\u00a0\u00a0\u00a0\u00a0\u00a0\u00a0\u00a0\u00a0\u00a0 T\u018fHS\u0130L\u0130 v\u0259 ELM\u0130 D\u018fR\u018fC\u018f ADLARI<\/strong><\/h3>\n<ul>\n<li>\n<h3>1992 ci ild\u0259 G\u0259nc\u0259 D\u00f6vl\u0259t Universitetinin \u201c \u00dcmumi riyaziyyat\u201d kafedrtas\u0131nda lobatrant v\u0259zif\u0259sind\u0259 i\u015fl\u0259yib.<\/h3>\n<\/li>\n<li>\n<h3>1994 ci ild\u0259 G\u0259nc\u0259 D\u00f6vl\u0259t Universitetinin \u201c \u00dcmumi riyaziyyat\u201d kafedrtas\u0131nda ba\u015f lobatrant v\u0259zif\u0259sind\u0259 i\u015fl\u0259yib.<\/h3>\n<\/li>\n<li>\n<h3>1998-c\u0131 ild\u0259 G\u0259nc\u0259 D\u00f6vl\u0259t Universitetind\u0259 m\u00fc\u0259llim i\u015fl\u0259yib.<\/h3>\n<\/li>\n<li>\n<h3>2011-ci ild\u0259n ba\u015f m\u00fc\u0259llim v\u0259zif\u0259sind\u0259 i\u015fl\u0259yir<strong>.<\/strong><\/h3>\n<\/li>\n<\/ul>\n<h3><strong>\u00a0<\/strong><strong>\u00a0 \u00a0\u00a0\u00a0\u00a0\u00a0\u00a0\u00a0\u00a0\u018fM\u018fK F\u018fAL\u0130YY\u018fT\u0130<\/strong><\/h3>\n<h3>1998-c\u0131 ild\u0259 G\u0259nc\u0259 D\u00f6vl\u0259t Universitetind\u0259 m\u00fc\u0259llim, 2011-ci ild\u0259n ba\u015f m\u00fc\u0259llim v\u0259zif\u0259sind\u0259 i\u015fl\u0259yir.<\/h3>\n<h3><strong>\u00a0SE\u00c7\u0130LM\u0130\u015e ELM\u0130 \u018fS\u018fRL\u018fR\u0130<\/strong><\/h3>\n<ol>\n<li>\n<h3>\u041f\u0440\u0438\u043c\u0435\u043d\u0435\u043d\u0438\u0435 \u0443\u043f\u0440\u0430\u0432\u043b\u044f\u0435\u043c\u043e\u0441\u0442\u0438 \u043a \u043a\u043e\u043b\u0435\u0431\u0430\u043d\u0438\u044f\u043c \u0441\u0442\u0440\u0443\u043d\u044b \u0441 \u043c\u0438\u043d\u0438\u043c\u0430\u043b\u044a\u043d\u043e\u0439 \u044d\u043d\u0435\u0440\u0433\u0438\u0435\u0439 \u0434\u043b\u044f \u043d\u0435\u043a\u043e\u0442\u043e\u0440\u044b\u0445 \u0433\u0438\u043f\u0435\u0440\u0431\u043e\u043b\u0438\u0447\u0435\u0441\u043a\u0438\u0445 \u0443\u0440\u0430\u0432\u043d\u0435\u043d\u0438\u0439 \u0432\u0442\u043e\u0440\u043e\u0433\u043e \u043f\u043e\u0440\u044f\u0434\u043a\u0430.<\/h3>\n<\/li>\n<li>\n<h3>\u0412\u0432\u0435\u0434\u0435\u043d\u0438\u0435 \u0441\u0445\u0435\u043c \u043f\u043e\u043d\u044f\u0442\u0438\u0439 \u043f\u0440\u0435\u0434\u0435\u043b\u0430 \u0438 \u043d\u0435\u043f\u0440\u0435\u0440\u044b\u0432\u043d\u043e\u0441\u0442\u0438.<\/h3>\n<\/li>\n<li>\n<h3>\u201cH\u0259nd\u0259si fiqurlar\u201d q\u0131z\u0131l b\u00f6lg\u00fcn\u00fcn t\u0259tbiqi.<\/h3>\n<\/li>\n<li>\n<h3>Riyaziyyat t\u0259liminin t\u0259\u015fkilat\u0131 formalar\u0131 v\u0259 t\u0259limin t\u0259\u015fkili.<\/h3>\n<\/li>\n<li>\n<h3>Kvantor n\u0259z\u0259riyy\u0259si v\u0259 t\u0259tbiql\u0259ri.<\/h3>\n<\/li>\n<li>\n<h3>Natural \u00fcstl\u00fc q\u00fcvv\u0259t m\u00f6vzusunun \u00f6yr\u0259nilm\u0259sind\u0259 \u015fagird yarad\u0131c\u0131l\u0131\u011f\u0131n\u0131n rolu.<\/h3>\n<\/li>\n<li>\n<h3>Riyaziyyat\u0131n t\u0259drisi metodikas\u0131. F\u0259nn proqram\u0131.<\/h3>\n<\/li>\n<\/ol>\n<h3><strong>BEYNALXALQ V\u018f RESPUBL\u0130KA S\u0130MPOZ\u0130UM V\u018f KONFRANSLARDA \u0130\u015eT\u0130RAKI:<\/strong><\/h3>\n<h3>Bir \u00e7ox beyn\u0259lxalq v\u0259 respublika elmi konfranslar\u0131nda m\u00fcxt\u0259lif m\u00f6vzulu m\u0259ruz\u0259l\u0259rl\u0259 \u00e7\u0131x\u0131\u015f etmi\u015fdir.<\/h3>\n","protected":false},"excerpt":{"rendered":"<p>Ba\u015f m\u00fc\u0259llim H\u00fcseynova \u015e\u0259raf\u0259t N\u0259riman q\u0131z\u0131 \u00a0\u00a0\u00a0 \u00a0\u00a0\u00a0\u00a0\u00a0\u00a0QISA B\u0130OQRAF\u0130K M\u018fLUMAT \u00a01970-ci ild\u0259 12 avqust G\u0259nc\u0259 \u015f\u0259h\u0259rind\u0259 ziyal\u0131 ail\u0259sind\u0259 anadan olmu\u015fdur. 1977 \u2013ci ild\u0259 G\u0259nc\u0259 \u015f\u0259h\u0259rind\u025922 sayl\u0131 tam orta m\u0259kt\u0259bind\u0259 oxumu\u015fdur. 1987-ci ild\u0259 G\u0259nc\u0259 \u015f\u0259h\u0259rind\u0259 22 sayl\u0131 tam orta m\u0259kt\u0259bind\u0259 t\u0259hsil alm\u0131\u015f, h\u0259min m\u0259kt\u0259bi bitirmi\u015fdir. Ail\u0259lidir, Yap-\u0131n \u00fczv\u00fcd\u00fcr. Ail\u0259lidir.1 \u00f6vlad\u0131 var. 2005-ci ild\u0259n YAP-\u0131n \u00fczv\u00fcd\u00fcr. \u00a0\u00a0\u00a0\u00a0\u00a0\u00a0\u00a0\u00a0\u00a0\u00a0<\/p>\n<p><a href=\"http:\/\/rif.gdu.edu.az\/?page_id=803\" class=\"more-link themebutton\">Daha \u0259trafl\u0131<\/a><\/p>\n","protected":false},"author":4,"featured_media":0,"parent":0,"menu_order":0,"comment_status":"closed","ping_status":"closed","template":"","meta":{"footnotes":""},"class_list":["post-803","page","type-page","status-publish","hentry"],"_links":{"self":[{"href":"http:\/\/rif.gdu.edu.az\/index.php?rest_route=\/wp\/v2\/pages\/803","targetHints":{"allow":["GET"]}}],"collection":[{"href":"http:\/\/rif.gdu.edu.az\/index.php?rest_route=\/wp\/v2\/pages"}],"about":[{"href":"http:\/\/rif.gdu.edu.az\/index.php?rest_route=\/wp\/v2\/types\/page"}],"author":[{"embeddable":true,"href":"http:\/\/rif.gdu.edu.az\/index.php?rest_route=\/wp\/v2\/users\/4"}],"replies":[{"embeddable":true,"href":"http:\/\/rif.gdu.edu.az\/index.php?rest_route=%2Fwp%2Fv2%2Fcomments&post=803"}],"version-history":[{"count":3,"href":"http:\/\/rif.gdu.edu.az\/index.php?rest_route=\/wp\/v2\/pages\/803\/revisions"}],"predecessor-version":[{"id":5732,"href":"http:\/\/rif.gdu.edu.az\/index.php?rest_route=\/wp\/v2\/pages\/803\/revisions\/5732"}],"wp:attachment":[{"href":"http:\/\/rif.gdu.edu.az\/index.php?rest_route=%2Fwp%2Fv2%2Fmedia&parent=803"}],"curies":[{"name":"wp","href":"https:\/\/api.w.org\/{rel}","templated":true}]}}