{"id":793,"date":"2016-03-14T06:57:34","date_gmt":"2016-03-14T04:57:34","guid":{"rendered":"http:\/\/rif.gdu.edu.az\/?page_id=793"},"modified":"2024-03-02T20:23:40","modified_gmt":"2024-03-02T18:23:40","slug":"umumi-riyaziyyat-5","status":"publish","type":"page","link":"http:\/\/rif.gdu.edu.az\/?page_id=793","title":{"rendered":"\u00dcmumi   riyaziyyat"},"content":{"rendered":"<h2 style=\"text-align: center;\"><strong>P.F.D, Ba\u015f m\u00fc\u0259llim Qaybal\u0131yeva <\/strong><strong>K\u0259mal\u0259 Yunis q\u0131z\u0131<\/strong><\/h2>\n<p><img loading=\"lazy\" decoding=\"async\" class=\"wp-image-5696 aligncenter\" src=\"http:\/\/rif.gdu.edu.az\/wp-content\/uploads\/2024\/03\/K\u0259mal\u0259.jpg\" alt=\"\" width=\"278\" height=\"463\" \/><\/p>\n<h3><strong>QISA B\u0130OQRAF\u0130K M\u018fLUMAT<\/strong><\/h3>\n<h3><strong>\u00a0<\/strong><strong>\uf0b7 1977-ci il 12 fevral tarixd\u0259 G\u0259nc\u0259 \u015f\u0259h\u0259rind\u0259 ziyal\u0131 ail\u0259sind\u0259 anadan olmu\u015fdur.<\/strong><\/h3>\n<h3><strong>\uf0b7 1984-c\u00fc ild\u0259 G\u0259nc\u0259 \u015f\u0259h\u0259ri 4\u2116-li tam orta m\u0259kt\u0259bind\u0259 oxumu\u015fdur.<\/strong><\/h3>\n<h3><strong>\uf0b7 1994-c\u00fc ild\u0259 G\u0259nc\u0259 \u015f\u0259h\u0259ri 4\u2116-li tam orta m\u0259kt\u0259bind\u0259 t\u0259hsil alm\u0131\u015f, h\u0259min m\u0259kt\u0259bi<\/strong><\/h3>\n<h3><strong>\u00a0\u00a0 bitirmi\u015fdir.<\/strong><\/h3>\n<h3><strong>\u00a0<\/strong><strong>T\u018fHS\u0130L\u0130 v\u0259 ELM\u0130 D\u018fR\u018fC\u018f ADLARI<\/strong><\/h3>\n<h3><strong>\u00a0<\/strong><strong>\uf0b7 1999-cu ild\u0259 H.Z\u0259rdabi ad\u0131na G\u0259nc\u0259 D\u00f6vl\u0259t Pedaqoji \u0130nstitutunun Riyaziyyat-informatika<\/strong><\/h3>\n<h3><strong>\u00a0\u00a0 fakult\u0259sini f\u0259rql\u0259nm\u0259 diplomu il\u0259 bitirmi\u015fdir.<\/strong><\/h3>\n<h3><strong>\uf0b7 2001-ci ild\u0259 GDU-nun \u201cRiyaziyyat\u0131n t\u0259drisi metodikas\u0131 v\u0259 metodologiyas\u0131\u201d ixtisasla\u015fmas\u0131 \u00fczr\u0259<\/strong><\/h3>\n<h3><strong>\u00a0\u00a0 magistraturas\u0131n\u0131 f\u0259rql\u0259nm\u0259 diplomu il\u0259 bitirmi\u015fdir.<\/strong><\/h3>\n<h3><strong>\uf0b7 2022-ci ild\u0259 pedaqogika (riyaziyyat\u0131n t\u0259drisi metodikas\u0131) elm sah\u0259si \u00fczr\u0259 f\u0259ls\u0259f\u0259 doktoru elmi d\u0259r\u0259c\u0259si alm\u0131\u015fd\u0131r.<\/strong><\/h3>\n<h3><strong>\u018fM\u018fK F\u018fAL\u0130YY\u018fT\u0130<\/strong><\/h3>\n<h3><strong>\uf0b7 2001-ci ilin sentyabr\u0131ndan GDU-nun Riyaziyyat\u0131n t\u0259drisi metodikas\u0131 kafedras\u0131nda m\u00fc\u0259llim i\u015fl\u0259yib<\/strong><\/h3>\n<h3><strong>\uf0b7 2010-cu ilin sentyabr ay\u0131ndan GDU-nun \u00dcmumi riyaziyyat kafedras\u0131nda ba\u015f m\u00fc\u0259llim i\u015fl\u0259yir.<\/strong><\/h3>\n<h3><strong>\u00a0<\/strong><strong>T\u018fDQ\u0130QAT SAH\u018fS\u0130<\/strong><\/h3>\n<ul>\n<li>\n<h3><strong>\u201cRiyaziyyat\u0131n t\u0259drisi metodikas\u0131\u201d , \u201cM\u0259kt\u0259b riyaiyyat kursunun elmi \u0259saslar\u0131 \u201d.<\/strong><\/h3>\n<\/li>\n<\/ul>\n<h3><strong>\u00a0<\/strong><strong>ELM\u0130 \u0259s\u0259rl\u0259ri<\/strong><\/h3>\n<h3><strong>15-d\u0259n \u00e7ox elmi m\u0259qal\u0259si, o c\u00fcml\u0259d\u0259n 2-si xarici m\u0259qal\u0259l\u0259rin m\u00fc\u0259llifidir.<\/strong><\/h3>\n<ol>\n<li>\n<h3><strong>Y. Qaybal\u0131yeva \u201cT\u0259nlik v\u0259 b\u0259rab\u0259rsizlikl\u0259rin h\u0259llind\u0259 qrafikl\u0259rin \u00e7evrilm\u0259si\u201d \u2013 G\u0259nc\u0259 D\u00f6vl\u0259t Universiteti, elmi \u0259s\u0259rl\u0259r m\u0259cmu\u0259si VI-G\u0259nc\u0259 2003<\/strong><\/h3>\n<\/li>\n<li>\n<h3><strong>Y. Qaybal\u0131yeva \u201cM\u0259kt\u0259b riyaziyyat kursunun t\u0259limind\u0259 alqotirmik istiqam\u0259tin g\u00fccl\u0259ndirilm\u0259si bar\u0259d\u0259\u201d \u2013 Az\u0259rbaycan Milli Elml\u0259r Akademiyas\u0131 G\u0259nc\u0259 Regional M\u0259rk\u0259z, x\u0259b\u0259rl\u0259r m\u0259cmu\u0259si \u2116-7 &#8211; G\u0259nc\u0259 2005<\/strong><\/h3>\n<\/li>\n<li>\n<h3><strong>Y. Qaybal\u0131yeva \u201cM\u0259kt\u0259b h\u0259nd\u0259s\u0259 kursunda qurma m\u0259s\u0259l\u0259l\u0259ri h\u0259llin\u0259 alqoritmilk yana\u015fma\u201d \u2013 G\u0259nc\u0259 D\u00f6vl\u0259t Universiteti, \u201cElmi x\u0259b\u0259rl\u0259r\u201d \u2116-2-G\u0259nc\u0259 2008<\/strong><\/h3>\n<\/li>\n<li>\n<h3><strong>Y. Qaybal\u0131yeva \u201cTriqonometrik t\u0259nlikl\u0259rin optimal \u00fcsullarla h\u0259lli\u201d \u2013 G\u0259nc\u0259 D\u00f6vl\u0259t Universiteti, \u201cElmi x\u0259b\u0259rl\u0259r m\u0259cmu\u0259si\u201d G\u0259nc\u0259 2000.<\/strong><\/h3>\n<\/li>\n<li>\n<h3><strong>M\u0259kt\u0259b h\u0259nd\u0259s\u0259 kursunda proqramlar\u0131n t\u0259\u015fkilinin \u00f6yr\u0259nilm\u0259si yollar\u0131- GDU \u201cElmi x\u0259b\u0259rl\u0259r\u201d \u21163, 2011<\/strong><\/h3>\n<\/li>\n<li>\n<h3><strong>Qabar\u0131q R<sup>n<\/sup> \u00e7oxlu\u011funda alqoritmik \u00fcsulun \u00f6yr\u0259nilm\u0259si- GDU \u201cElmi x\u0259b\u0259rl\u0259r\u201d \u21162, 2013<\/strong><\/h3>\n<\/li>\n<li>\n<h3><strong>M\u0259kt\u0259b h\u0259nd\u0259s\u0259 kursunda vektor anlay\u0131\u015f\u0131n\u0131n \u00f6yr\u0259nilm\u0259si yollar\u0131- GDU \u201cElmi x\u0259b\u0259rl\u0259r\u201d \u21164, 2013<\/strong><\/h3>\n<\/li>\n<li>\n<h3><strong>H\u0259nd\u0259s\u0259d\u0259n d\u0259rs v\u0259saitl\u0259ri pedaqoji psixoloji v\u0259 metodik v\u0259saitl\u0259ri t\u0259dqiqatlar\u0131n problem bax\u0131m\u0131nda \u00f6yr\u0259nilm\u0259si v\u0259 t\u0259hlil edilm\u0259si &#8211; GDU \u201cElmi x\u0259b\u0259rl\u0259r\u201d \u21163, 2014<\/strong><\/h3>\n<\/li>\n<\/ol>\n<h3><strong>BEYNALXALQ V\u018f RESPUBL\u0130KA S\u0130MPOZ\u0130UM V\u018f KONFRANSLARDA \u0130\u015eT\u0130RAKI:<\/strong><\/h3>\n<ul>\n<li>\n<h3><strong>Az\u0259rbaycan Respublikas\u0131nda, el\u0259c\u0259 d\u0259 \u00f6lk\u0259 h\u00fcdudlar\u0131ndan k\u0259narda ke\u00e7irilmi\u015f bir ne\u00e7\u0259 beyn\u0259lxalq v\u0259<\/strong><strong style=\"color: revert; font-size: revert;\">\u00a0respublika elmi konfranslarda i\u015ftirak etmi\u015fdir.<\/strong><\/h3>\n<\/li>\n<\/ul>\n","protected":false},"excerpt":{"rendered":"<p>P.F.D, Ba\u015f m\u00fc\u0259llim Qaybal\u0131yeva K\u0259mal\u0259 Yunis q\u0131z\u0131 QISA B\u0130OQRAF\u0130K M\u018fLUMAT \u00a0\uf0b7 1977-ci il 12 fevral tarixd\u0259 G\u0259nc\u0259 \u015f\u0259h\u0259rind\u0259 ziyal\u0131 ail\u0259sind\u0259 anadan olmu\u015fdur. \uf0b7 1984-c\u00fc ild\u0259 G\u0259nc\u0259 \u015f\u0259h\u0259ri 4\u2116-li tam orta m\u0259kt\u0259bind\u0259 oxumu\u015fdur. \uf0b7 1994-c\u00fc ild\u0259 G\u0259nc\u0259 \u015f\u0259h\u0259ri 4\u2116-li tam orta m\u0259kt\u0259bind\u0259 t\u0259hsil alm\u0131\u015f, h\u0259min m\u0259kt\u0259bi \u00a0\u00a0 bitirmi\u015fdir. \u00a0T\u018fHS\u0130L\u0130 v\u0259 ELM\u0130 D\u018fR\u018fC\u018f ADLARI \u00a0\uf0b7 1999-cu ild\u0259<\/p>\n<p><a href=\"http:\/\/rif.gdu.edu.az\/?page_id=793\" class=\"more-link themebutton\">Daha \u0259trafl\u0131<\/a><\/p>\n","protected":false},"author":4,"featured_media":0,"parent":0,"menu_order":0,"comment_status":"closed","ping_status":"closed","template":"","meta":{"footnotes":""},"class_list":["post-793","page","type-page","status-publish","hentry"],"_links":{"self":[{"href":"http:\/\/rif.gdu.edu.az\/index.php?rest_route=\/wp\/v2\/pages\/793","targetHints":{"allow":["GET"]}}],"collection":[{"href":"http:\/\/rif.gdu.edu.az\/index.php?rest_route=\/wp\/v2\/pages"}],"about":[{"href":"http:\/\/rif.gdu.edu.az\/index.php?rest_route=\/wp\/v2\/types\/page"}],"author":[{"embeddable":true,"href":"http:\/\/rif.gdu.edu.az\/index.php?rest_route=\/wp\/v2\/users\/4"}],"replies":[{"embeddable":true,"href":"http:\/\/rif.gdu.edu.az\/index.php?rest_route=%2Fwp%2Fv2%2Fcomments&post=793"}],"version-history":[{"count":4,"href":"http:\/\/rif.gdu.edu.az\/index.php?rest_route=\/wp\/v2\/pages\/793\/revisions"}],"predecessor-version":[{"id":5728,"href":"http:\/\/rif.gdu.edu.az\/index.php?rest_route=\/wp\/v2\/pages\/793\/revisions\/5728"}],"wp:attachment":[{"href":"http:\/\/rif.gdu.edu.az\/index.php?rest_route=%2Fwp%2Fv2%2Fmedia&parent=793"}],"curies":[{"name":"wp","href":"https:\/\/api.w.org\/{rel}","templated":true}]}}