{"id":729,"date":"2016-03-13T00:17:41","date_gmt":"2016-03-12T22:17:41","guid":{"rendered":"http:\/\/rif.gdu.edu.az\/?page_id=729"},"modified":"2024-01-30T15:58:28","modified_gmt":"2024-01-30T13:58:28","slug":"s%c9%99bir%c9%99","status":"publish","type":"page","link":"http:\/\/rif.gdu.edu.az\/?page_id=729","title":{"rendered":"\u0130nformatika v\u0259 C\u0259br"},"content":{"rendered":"<h2 style=\"text-align: center;\">\u018fh\u0259dova\u00a0 S\u0259bir\u0259\u00a0 Rasim\u00a0 q\u0131z\u0131<\/h2>\n<p style=\"text-align: center;\"><img loading=\"lazy\" decoding=\"async\" class=\"alignnone  wp-image-5290\" src=\"http:\/\/rif.gdu.edu.az\/wp-content\/uploads\/2024\/01\/S\u0259bir\u0259.jpg\" alt=\"\" width=\"305\" height=\"458\" \/><\/p>\n<h3><strong>QISA B\u0130OQRAF\u0130K M\u018fLUMAT<\/strong><\/h3>\n<h3><strong>20 may 1964-c\u00fc ild\u0259 Salyan rayonunda anadan olmu\u015fdur.<\/strong><\/h3>\n<h3><strong>Telefon:\u00a0+994503008810<\/strong><\/h3>\n<h3><strong>E-mail:\u00a0axadova.s@mail.ru<\/strong><\/h3>\n<h3><strong>T\u018fHS\u0130L\u0130, ELM\u0130 D\u018fR\u018fC\u018fS\u0130 V\u018f ELM\u0130 ADLARI<\/strong><\/h3>\n<ol>\n<li>\n<h3><strong>1982-1987-ci ill\u0259rd\u0259 Bak\u0131 D\u00f6vl\u0259t Universitetinin mexanika-riyaziyyat fak\u00fclt\u0259sind\u0259 t\u0259hsil alm\u0131\u015fd\u0131r.<\/strong><\/h3>\n<\/li>\n<\/ol>\n<h3><strong>\u018fM\u018fK F\u018fAL\u0130YY\u018fT\u0130<\/strong><\/h3>\n<h3><strong>1996-c\u0131 ild\u0259n G\u0259nc\u0259 D\u00f6vl\u0259t Universitetind\u0259 laboratoriya m\u00fcdiri, m\u00fc\u0259llim v\u0259zif\u0259l\u0259rind\u0259 \u00e7al\u0131\u015fm\u0131\u015f, haz\u0131rda ba\u015f m\u00fc\u0259llimdir.<\/strong><\/h3>\n<h3><strong>\u201c\u0130nformatika\u201d, T\u0259hsild\u0259 \u0130KT\u201d, \u201c\u0130nformatikan\u0131n t\u0259drisi metodikas\u0131\u201dv\u0259 s. f\u0259nnl\u0259r \u00fczr\u0259 m\u00fchazir\u0259 v\u0259 laboratoriya d\u0259rsl\u0259ri apar\u0131r.<\/strong><\/h3>\n<h3><strong>T\u018fDQ\u0130QAT SAH\u018fS\u0130<\/strong><\/h3>\n<ul>\n<li>\n<h3><strong>M\u00fcasir informasiya texnologiyalar\u0131, komp\u00fcter \u015f\u0259b\u0259k\u0259l\u0259rind\u0259 t\u0259hl\u00fck\u0259sizlik, informatikan\u0131n t\u0259drisi metodikas\u0131<\/strong><\/h3>\n<\/li>\n<\/ul>\n<h3><strong>BEYN\u018fLXALQ SEM\u0130NAR, S\u0130MPOZ\u0130UM V\u018f KONFRANSLARDA \u0130\u015eT\u0130RAKI<\/strong><\/h3>\n<ul>\n<li>\n<h3><strong>10-dan art\u0131q beyn\u0259lxalq v\u0259 respublika elmi konfranslar\u0131nda m\u00fcxt\u0259lif m\u00f6vzulu m\u0259ruz\u0259l\u0259rl\u0259 \u00e7\u0131x\u0131\u015f etmi\u015f v\u0259 sertifikatlar alm\u0131\u015fd\u0131r.<\/strong><\/h3>\n<\/li>\n<\/ul>\n<h3><strong>SE\u00c7\u0130LM\u0130\u015e \u018fS\u018fRL\u018fR\u0130<\/strong><\/h3>\n<ol>\n<li>\n<h3><strong>R.\u018f.\u018fh\u0259dov, S.R.\u018fh\u0259dova \u2013 Komp\u00fcter savad\u0131 v\u0259 politexnik t\u0259lim. \u018fm\u0259k v\u0259 politexnik t\u0259lim, 1987, \u21164<\/strong><\/h3>\n<\/li>\n<li>\n<h3><strong>\u015e.N.Cabbarov, S.R.\u018fh\u0259dova \u2013 \u201cElektronika MK\u015e-2\u201d v\u0259 onun t\u0259tbiql\u0259ri. Kirovabad, KZMT\u0130, 1987<\/strong><\/h3>\n<\/li>\n<li>\n<h3><strong>R.\u018f.\u018fh\u0259dov, S.R.\u018fh\u0259dova \u2013 \u201c\u0130nformatika v\u0259 hesablama texnikas\u0131n\u0131n \u0259saslar\u0131\u201d f\u0259nninin t\u0259drisi metodikas\u0131 qar\u015f\u0131s\u0131nda duran b\u0259zi v\u0259zif\u0259l\u0259r. Kirovabad, KZMT\u0130, 1987<\/strong><\/h3>\n<\/li>\n<li>\n<h3><strong>R.\u018f.\u018fh\u0259dov, S.R.\u018fh\u0259dova \u2013 Komp\u00fcter savad\u0131n\u0131n b\u0259zi m\u0259s\u0259l\u0259l\u0259ri. Az\u0259rbaycan m\u00fc\u0259llimi, 1988, \u211613<\/strong><\/h3>\n<\/li>\n<li>\n<h3><strong>R.\u018f.\u018fh\u0259dov, S.R.\u018fh\u0259dova \u2013 \u0130nformatika kursunun E-praktikum t\u0259tbiqi il\u0259 t\u0259drisi. Fizika v\u0259 riyaziyyat t\u0259drisi, 1988, \u21164<\/strong><\/h3>\n<\/li>\n<li>\n<h3><strong>S.R.\u018fh\u0259dova \u2013 \u0130btidai sinifl\u0259rd\u0259 alqoritml\u0259rd\u0259n istifad\u0259. \u0130btidai m\u0259kt\u0259b v\u0259 m\u0259kt\u0259b\u0259q\u0259d\u0259r t\u0259rbiy\u0259, 1990, \u21161<\/strong><\/h3>\n<\/li>\n<li>\n<h3><strong>R.\u018f.\u018fh\u0259dov, S.R.\u018fh\u0259dova &#8211; \u0130nformatika: \u018fsas termin v\u0259 anlay\u0131\u015flar. Kirovabad, KZMT\u0130, 1992<\/strong><\/h3>\n<\/li>\n<li>\n<h3><strong>V.D.Hac\u0131yev, S.R.\u018fh\u0259dova \u2013 \u041a \u0443\u0441\u0442\u043e\u0439\u0447\u0438\u0432\u043e\u0441\u0442\u0438 \u043f\u0435\u0440\u0438\u043e\u0434\u0438\u0447\u0435\u0441\u043a\u0438 \u043d\u0435\u043e\u0434\u043d\u043e\u0440\u043e\u0434\u043d\u043e\u0439 \u0431\u0430\u043b\u043a\u0438 \u0441 \u0443\u0447\u0435\u0442\u043e\u043c \u0432\u043d\u0435\u0448\u043d\u0435\u0433\u043e \u043d\u0435\u043b\u0438\u043d\u0435\u0439\u043d\u0435\u0433\u043e \u0441\u043e\u0440\u043e\u0442\u0438\u0432\u043b\u0435\u043d\u0438\u044f. GDP\u0130-nin elmi-\u0259s\u0259rl\u0259r m\u0259cmu\u0259si, Bak\u0131, \u201cM\u00fct\u0259rcim\u201d, 1998<\/strong><\/h3>\n<\/li>\n<li>\n<h3><strong>V.D.Hac\u0131yev, S.R.\u018fh\u0259dova \u2013 \u041e \u0441\u043e\u0431\u0441\u0442\u0432\u0435\u043d\u043d\u043e\u0439 \u043a\u043e\u043b\u0435\u0431\u0430\u043d\u0438\u0438 \u043d\u0435\u043e\u0434\u043d\u043e\u0440\u043e\u0434\u043d\u043e\u0439 \u043f\u0440\u044f\u043c\u043e\u0443\u0433\u043e\u043b\u044c\u043d\u043e\u0439 \u043f\u043b\u0430\u0441\u0442\u0438\u043d\u043a\u0438. \u0421\u0431\u043e\u0440\u043d\u0438\u043a \u043d\u0430\u0443\u0447\u043d\u044b\u0445 \u0442\u0440\u0443\u0434\u043e\u0432 \u043f\u043e \u043c\u0435\u0445\u0430\u043d\u0438\u043a\u0435, \u0411\u0430\u043a\u0443, \u042d\u043b\u043c, 1998, \u21168<\/strong><\/h3>\n<\/li>\n<li>\n<h3><strong>S.R.\u018fh\u0259dova \u2013 \u041a \u0441\u043e\u0431\u0441\u0442\u0432\u0435\u043d\u043d\u043e\u043c\u0443 \u043a\u043e\u043b\u0435\u0431\u0430\u043d\u0438\u044e \u043d\u0435\u043f\u0440\u0435\u0440\u044b\u0432\u043d\u043e \u043d\u0435\u043e\u0434\u043d\u043e\u0440\u043e\u0434\u043d\u043e\u0439 \u043f\u0440\u044f\u043c\u043e\u0443\u0433\u043e\u043b\u044c\u043d\u043e\u0439 \u043f\u043b\u0430\u0441\u0442\u0438\u043d\u043a\u0438 \u0441 \u043c\u0435\u0442\u043e\u0434\u043e\u043c \u043c\u0430\u043b\u043e\u0433\u043e \u043f\u0430\u0440\u0430\u043c\u0435\u0442\u0440\u0430. GDP\u0130-nin elmi-\u0259s\u0259rl\u0259r m\u0259cmu\u0259si, Bak\u0131, \u201cM\u00fct\u0259rcim\u201d, 1998<\/strong><\/h3>\n<\/li>\n<li>\n<h3><strong>R.\u018f.\u018fh\u0259dov, S.R.\u018fh\u0259dova \u2013 \u0130nformatika v\u0259 hesablama texnikas\u0131n\u0131n \u0259saslar\u0131: Laboratoriya praktikumu-1, D\u0259rs v\u0259saiti. G\u0259nc\u0259, GDP\u0130, 1998<\/strong><\/h3>\n<\/li>\n<li>\n<h3><strong>R.\u018f.\u018fh\u0259dov, S.R.\u018fh\u0259dova v\u0259 b. \u2013 Bakalavr pill\u0259si \u00fc\u00e7\u00fcn \u0130nformatika v\u0259 hesablama texnikas\u0131 kafedras\u0131nda t\u0259dris olunan f\u0259nl\u0259rin proqramlar\u0131. G\u0259nc\u0259 D\u00f6vl\u0259t Universiteti, 2003<\/strong><\/h3>\n<\/li>\n<li>\n<h3><strong>N.M.\u018fliyev, S.R.\u018fh\u0259dova \u2013Say sisteml\u0259ri haqq\u0131nda m\u00fcasir t\u0259s\u0259vv\u00fcrl\u0259r. D\u0259rs v\u0259saiti. Bak\u0131, \u201cNurlan\u201d n\u0259\u015friyyat\u0131, 2003<\/strong><\/h3>\n<\/li>\n<li>\n<h3><strong>F.N.M\u0259mm\u0259dov, S.R.\u018fh\u0259dova \u2013 Korrelyasiya funksiyas\u0131n\u0131n t\u0259tbiqi il\u0259 b\u0259zi prosesl\u0259rin dayan\u0131ql\u0131l\u0131\u011f\u0131n\u0131n t\u0259tbiqi imkanlar\u0131. AKTA, Elmi x\u0259b\u0259rl\u0259r toplusu, 2003 \u21163<\/strong><\/h3>\n<\/li>\n<li>\n<h3><strong>S.R.\u018fh\u0259dova \u2013 \u201c\u018fd\u0259di \u00fcsullar kursunun m\u0259kt\u0259b riyaziyyat\u0131 v\u0259 informatika f\u0259nni il\u0259 \u0259laq\u0259li t\u0259drisi. GDP\u0130-nin elmi-\u0259s\u0259rl\u0259r m\u0259cmu\u0259si, Bak\u0131, \u201cNurlan\u201d n\u0259\u015friyyat\u0131 , 2003<\/strong><\/h3>\n<\/li>\n<li>\n<h3><strong>F.N.M\u0259mm\u0259dov, S.R.\u018fh\u0259dova \u2013 Korrelyasiya funksiyas\u0131n\u0131n t\u0259tbiqi il\u0259 b\u0259zi prosesl\u0259rin dayan\u0131ql\u0131l\u0131\u011f\u0131n\u0131n t\u0259tbiqi imkanlar\u0131. GDU-nun elmi-\u0259s\u0259rl\u0259r m\u0259cmu\u0259si, 2004<\/strong><\/h3>\n<\/li>\n<li>\n<h3><strong>S.R.\u018fh\u0259dova, G.R.\u018fh\u0259dova \u2013 \u201cH\u0259r\u0259k\u0259t t\u0259nlikl\u0259rinin komp\u00fcter vasit\u0259sil\u0259 t\u0259hlili\u201d m\u00f6vzusunda d\u0259rs v\u0259saiti haqq\u0131nda. GDU-nun elmi-\u0259s\u0259rl\u0259r m\u0259cmu\u0259si, Bak\u0131, \u201cNurlan\u201d n\u0259\u015friyyat\u0131, 2004<\/strong><\/h3>\n<\/li>\n<li>\n<h3><strong>S.R.\u018fh\u0259dova, B.L.C\u0259f\u0259rova \u2013 MatCad sistemind\u0259 funksiyan\u0131n ara\u015fd\u0131r\u0131lmas\u0131n\u0131n t\u0259\u015fkili. GDU, \u0130nformasiya-kommunikasiya texnologiyalar\u0131, Elmi-praktik konfrans, G\u0259nc\u0259,2007<\/strong><\/h3>\n<\/li>\n<li>\n<h3><strong>S.R.\u018fh\u0259dova &#8211; \u018fd\u0259di \u00fcsullar kursunun m\u0259kt\u0259b riyaziyyat\u0131 v\u0259 informatika f\u0259nni il\u0259 \u0259laq\u0259li t\u0259drisi. GDU-nun elmi-\u0259s\u0259rl\u0259r m\u0259cmu\u0259si, 2012<\/strong><\/h3>\n<\/li>\n<li>\n<h3><strong>S.R.\u018fh\u0259dova, G.Z.Verdiyeva \u2013 \u018fd\u0259di \u00fcsullar\u0131n komp\u00fcter realizasiyas\u0131. F\u0259nn proqram\u0131, G\u0259nc\u0259,2012<\/strong><\/h3>\n<\/li>\n<li>\n<h3><strong>R.\u018f.\u018fh\u0259dov, S.R.\u018fh\u0259dova &#8211; \u018fd\u0259di \u00fcsullar\u0131n komp\u00fcter realizasiyas\u0131. D\u0259rs v\u0259saiti, Bak\u0131, 2012<\/strong><\/h3>\n<\/li>\n<li>\n<h3><strong>S.R.\u018fh\u0259dova v\u0259 b. \u2013 Bakalavr pill\u0259si \u00fc\u00e7\u00fcn informatika kafedras\u0131nda t\u0259dris olunan f\u0259nl\u0259rin proqramlar\u0131. G\u0259nc\u0259, 2013<\/strong><\/h3>\n<\/li>\n<li>\n<h3><strong>M.T.\u018flizad\u0259, S.R.\u018fh\u0259dova \u2013 Microsoft Word-2007 Vista versiyas\u0131, Bak\u0131-2013<\/strong><\/h3>\n<\/li>\n<li>\n<h3><strong>K.A.Salmanova, S.\u018f.\u018fh\u0259dova &#8211; Big Data haqq\u0131nda. Riyaziyyat v\u0259 \u0130KT-nin t\u0259tbiq sah\u0259l\u0259ri. Yeni t\u0259dris texnologiyalar\u0131. Beyn\u0259lxalq konfrans.05-06 iyun 2014-c\u00fc il.II hiss\u0259. G\u0259nc\u0259<\/strong><\/h3>\n<\/li>\n<li>\n<h3><strong>M.T.\u018flizad\u0259, S.R.\u018fh\u0259dova \u2013 M\u00fcasir informasiya texnologiyalar\u0131. G\u0259nc\u0259, 2023<\/strong><\/h3>\n<\/li>\n<\/ol>\n<h3><strong>K\u0130TABLAR<\/strong><\/h3>\n<ol>\n<li>\n<h3><strong>\u015e.N.Cabbarov, S.R.\u018fh\u0259dova \u2013 \u201cElektronika MK\u015e-2\u201d v\u0259 onun t\u0259tbiql\u0259ri. Kirovabad, KZMT\u0130, 1987<\/strong><\/h3>\n<\/li>\n<li>\n<h3><strong>R.\u018f.\u018fh\u0259dov, S.R.\u018fh\u0259dova &#8211; \u0130nformatika: \u018fsas termin v\u0259 anlay\u0131\u015flar. Kirovabad, KZMT\u0130, 1992<\/strong><\/h3>\n<\/li>\n<li>\n<h3><strong>R.\u018f.\u018fh\u0259dov, S.R.\u018fh\u0259dova \u2013 \u0130nformatika v\u0259 hesablama texnikas\u0131n\u0131n \u0259saslar\u0131: Laboratoriya praktikumu-1, D\u0259rs v\u0259saiti. G\u0259nc\u0259, GDP\u0130, 1998<\/strong><\/h3>\n<\/li>\n<li>\n<h3><strong>N.M.\u018fliyev, S.R.\u018fh\u0259dova \u2013Say sisteml\u0259ri haqq\u0131nda m\u00fcasir t\u0259s\u0259vv\u00fcrl\u0259r. D\u0259rs v\u0259saiti. Bak\u0131, \u201cNurlan\u201d n\u0259\u015friyyat\u0131, 2003<\/strong><\/h3>\n<\/li>\n<li>\n<h3><strong>R.\u018f.\u018fh\u0259dov, S.R.\u018fh\u0259dova &#8211; \u018fd\u0259di \u00fcsullar\u0131n komp\u00fcter realizasiyas\u0131. D\u0259rs v\u0259saiti, Bak\u0131, 2012<\/strong><\/h3>\n<\/li>\n<li>\n<h3><strong>M.T.\u018flizad\u0259, S.R.\u018fh\u0259dova \u2013 Microsoft Word-2007 Vista versiyas\u0131, Bak\u0131-2013<\/strong><\/h3>\n<\/li>\n<li>\n<h3><strong>M.T.\u018flizad\u0259, S.R.\u018fh\u0259dova \u2013 M\u00fcasir informasiya texnologiyalar\u0131. G\u0259nc\u0259, 2023<\/strong><\/h3>\n<\/li>\n<\/ol>\n<h3><\/h3>\n","protected":false},"excerpt":{"rendered":"<p>\u018fh\u0259dova\u00a0 S\u0259bir\u0259\u00a0 Rasim\u00a0 q\u0131z\u0131 QISA B\u0130OQRAF\u0130K M\u018fLUMAT 20 may 1964-c\u00fc ild\u0259 Salyan rayonunda anadan olmu\u015fdur. Telefon:\u00a0+994503008810 E-mail:\u00a0axadova.s@mail.ru T\u018fHS\u0130L\u0130, ELM\u0130 D\u018fR\u018fC\u018fS\u0130 V\u018f ELM\u0130 ADLARI 1982-1987-ci ill\u0259rd\u0259 Bak\u0131 D\u00f6vl\u0259t Universitetinin mexanika-riyaziyyat fak\u00fclt\u0259sind\u0259 t\u0259hsil alm\u0131\u015fd\u0131r. \u018fM\u018fK F\u018fAL\u0130YY\u018fT\u0130 1996-c\u0131 ild\u0259n G\u0259nc\u0259 D\u00f6vl\u0259t Universitetind\u0259 laboratoriya m\u00fcdiri, m\u00fc\u0259llim v\u0259zif\u0259l\u0259rind\u0259 \u00e7al\u0131\u015fm\u0131\u015f, haz\u0131rda ba\u015f m\u00fc\u0259llimdir. \u201c\u0130nformatika\u201d, T\u0259hsild\u0259 \u0130KT\u201d, \u201c\u0130nformatikan\u0131n t\u0259drisi metodikas\u0131\u201dv\u0259 s. f\u0259nnl\u0259r<\/p>\n<p><a href=\"http:\/\/rif.gdu.edu.az\/?page_id=729\" class=\"more-link themebutton\">Daha \u0259trafl\u0131<\/a><\/p>\n","protected":false},"author":4,"featured_media":0,"parent":0,"menu_order":0,"comment_status":"closed","ping_status":"closed","template":"","meta":{"footnotes":""},"class_list":["post-729","page","type-page","status-publish","hentry"],"_links":{"self":[{"href":"http:\/\/rif.gdu.edu.az\/index.php?rest_route=\/wp\/v2\/pages\/729","targetHints":{"allow":["GET"]}}],"collection":[{"href":"http:\/\/rif.gdu.edu.az\/index.php?rest_route=\/wp\/v2\/pages"}],"about":[{"href":"http:\/\/rif.gdu.edu.az\/index.php?rest_route=\/wp\/v2\/types\/page"}],"author":[{"embeddable":true,"href":"http:\/\/rif.gdu.edu.az\/index.php?rest_route=\/wp\/v2\/users\/4"}],"replies":[{"embeddable":true,"href":"http:\/\/rif.gdu.edu.az\/index.php?rest_route=%2Fwp%2Fv2%2Fcomments&post=729"}],"version-history":[{"count":4,"href":"http:\/\/rif.gdu.edu.az\/index.php?rest_route=\/wp\/v2\/pages\/729\/revisions"}],"predecessor-version":[{"id":5291,"href":"http:\/\/rif.gdu.edu.az\/index.php?rest_route=\/wp\/v2\/pages\/729\/revisions\/5291"}],"wp:attachment":[{"href":"http:\/\/rif.gdu.edu.az\/index.php?rest_route=%2Fwp%2Fv2%2Fmedia&parent=729"}],"curies":[{"name":"wp","href":"https:\/\/api.w.org\/{rel}","templated":true}]}}