{"id":515,"date":"2015-12-29T11:43:13","date_gmt":"2015-12-29T09:43:13","guid":{"rendered":"http:\/\/rif.gdu.edu.az\/?page_id=515"},"modified":"2025-02-24T07:55:47","modified_gmt":"2025-02-24T05:55:47","slug":"n-%c9%99-ismayilov","status":"publish","type":"page","link":"http:\/\/rif.gdu.edu.az\/?page_id=515","title":{"rendered":"Riyazi analiz"},"content":{"rendered":"<h2 style=\"text-align: center;\"><strong>\u0130smay\u0131lov Nazir \u018fli\u015f o\u011flu<\/strong><\/h2>\n<h3><strong><img loading=\"lazy\" decoding=\"async\" class=\"wp-image-5444 aligncenter\" src=\"http:\/\/rif.gdu.edu.az\/wp-content\/uploads\/2024\/02\/Nazir.jpg\" alt=\"\" width=\"307\" height=\"426\" \/><\/strong><\/h3>\n<h3><strong>QISA B\u0130OQRAF\u0130K M\u018fLUMAT<\/strong><\/h3>\n<h3><strong>24 yanvar 1958-ci ild\u0259 \u0130mi\u015fli rayonu Xo\u015f\u00e7obanl\u0131 k\u0259ndind\u0259 anadan olmu\u015fdur.<\/strong><\/h3>\n<h3><strong>Telefon: +994505974172<\/strong><\/h3>\n<h3><strong>E-mail: nazirismayilov@mail.ru<\/strong><\/h3>\n<h3><\/h3>\n<h3><strong>T\u018fHS\u0130L\u0130, ELM\u0130 D\u018fR\u018fC\u018fS\u0130 V\u018f ELM\u0130 ADLARI<\/strong><\/h3>\n<ol>\n<li>\n<h3><strong>1974-1978-ci ill\u0259r Az\u0259rbaycan D\u00f6vl\u0259t Pedaqoji Universiteti, Riyaziyyat fak\u00fclt\u0259si<\/strong><\/h3>\n<\/li>\n<li>\n<h3><strong>2003-2005-ciill\u0259r G\u0259nc\u0259 D\u00f6vl\u0259t Universitetinin Riyazi analiz kafedras\u0131nda \u2013m\u00fc\u0259llim<\/strong><\/h3>\n<\/li>\n<li>\n<h3><strong>2005-d\u0259n hal-haz\u0131rki vaxta q\u0259d\u0259r Ba\u015f m\u00fc\u0259llim<\/strong><\/h3>\n<\/li>\n<\/ol>\n<h3><\/h3>\n<h3><strong>\u018fM\u018fK F\u018fAL\u0130YY\u018fT\u0130<\/strong><\/h3>\n<ol>\n<li>\n<h3><strong>1978-1981, \u0130mi\u015fli rayonu Xo\u015f\u00e7obanl\u0131 k\u0259ndind\u0259 S\u0259kkizillik orta m\u0259kt\u0259bind\u0259 m\u00fc\u0259llim<\/strong><\/h3>\n<\/li>\n<li>\n<h3><strong>1981-1987-c\u00fc ill\u0259rd\u0259 \u0130mi\u015fli rayonu Murquzall\u0131 k\u0259nd orta m\u0259kt\u0259bind\u0259 direktor<\/strong><\/h3>\n<\/li>\n<li>\n<h3><strong>1987-1994-ci ill\u0259rd\u0259 Az\u0259rbaycan Texnologiya \u0130nstitu ba\u015f laborant, m\u00fc\u0259llim<\/strong><\/h3>\n<\/li>\n<li>\n<h3><strong>2003-c\u00fc ild\u0259 GDU-da m\u00fc\u0259llim, ba\u015f m\u00fc\u0259llim<\/strong><\/h3>\n<\/li>\n<\/ol>\n<h3><\/h3>\n<h3><strong>BEYN\u018fLXALQ SEM\u0130NAR, S\u0130MPOZ\u0130UM V\u018f KONFRANSLARDA \u0130\u015eT\u0130RAKI<\/strong><\/h3>\n<ul>\n<li>\n<h3><strong>3-d\u0259n art\u0131q Beyn\u0259lxalq v\u0259 respublika elmi konfransda \u00e7\u0131x\u0131\u015f etmi\u015fdir.<\/strong><\/h3>\n<\/li>\n<\/ul>\n<h3><\/h3>\n<h3><strong>SE\u00c7\u0130LM\u0130\u015e \u018fS\u018fRL\u018fR\u0130<\/strong><\/h3>\n<ul>\n<li>\n<h3><strong>Bases of eksponentsin Weighted classis- IJMSEA INDIA-2013<\/strong><\/h3>\n<\/li>\n<li>\n<h3><strong>On minimality completeness and basicity of adouble exponential in weighted hebesque space<\/strong><\/h3>\n<\/li>\n<\/ul>\n<h3><strong>\u00a0\u00a0\u00a0\u00a0 International Workshop on Hor Harmonic Analysis and Differential operators? ABSTRACTS Baky Azerbaijan<\/strong><\/h3>\n<ul>\n<li>\n<h3><strong>On somestructural theorems in Banach function spaces<\/strong><\/h3>\n<\/li>\n<\/ul>\n<h3><strong>\u00a0\u00a0\u00a0\u00a0 Trans.Math.Acad.Sci.Azerb.Ser.Phys-Tech.Math.Sci.<\/strong><\/h3>\n","protected":false},"excerpt":{"rendered":"<p>\u0130smay\u0131lov Nazir \u018fli\u015f o\u011flu QISA B\u0130OQRAF\u0130K M\u018fLUMAT 24 yanvar 1958-ci ild\u0259 \u0130mi\u015fli rayonu Xo\u015f\u00e7obanl\u0131 k\u0259ndind\u0259 anadan olmu\u015fdur. Telefon: +994505974172 E-mail: nazirismayilov@mail.ru T\u018fHS\u0130L\u0130, ELM\u0130 D\u018fR\u018fC\u018fS\u0130 V\u018f ELM\u0130 ADLARI 1974-1978-ci ill\u0259r Az\u0259rbaycan D\u00f6vl\u0259t Pedaqoji Universiteti, Riyaziyyat fak\u00fclt\u0259si 2003-2005-ciill\u0259r G\u0259nc\u0259 D\u00f6vl\u0259t Universitetinin Riyazi analiz kafedras\u0131nda \u2013m\u00fc\u0259llim 2005-d\u0259n hal-haz\u0131rki vaxta q\u0259d\u0259r Ba\u015f m\u00fc\u0259llim \u018fM\u018fK F\u018fAL\u0130YY\u018fT\u0130 1978-1981, \u0130mi\u015fli rayonu Xo\u015f\u00e7obanl\u0131<\/p>\n<p><a href=\"http:\/\/rif.gdu.edu.az\/?page_id=515\" class=\"more-link themebutton\">Daha \u0259trafl\u0131<\/a><\/p>\n","protected":false},"author":4,"featured_media":0,"parent":0,"menu_order":0,"comment_status":"closed","ping_status":"closed","template":"","meta":{"footnotes":""},"class_list":["post-515","page","type-page","status-publish","hentry"],"_links":{"self":[{"href":"http:\/\/rif.gdu.edu.az\/index.php?rest_route=\/wp\/v2\/pages\/515","targetHints":{"allow":["GET"]}}],"collection":[{"href":"http:\/\/rif.gdu.edu.az\/index.php?rest_route=\/wp\/v2\/pages"}],"about":[{"href":"http:\/\/rif.gdu.edu.az\/index.php?rest_route=\/wp\/v2\/types\/page"}],"author":[{"embeddable":true,"href":"http:\/\/rif.gdu.edu.az\/index.php?rest_route=\/wp\/v2\/users\/4"}],"replies":[{"embeddable":true,"href":"http:\/\/rif.gdu.edu.az\/index.php?rest_route=%2Fwp%2Fv2%2Fcomments&post=515"}],"version-history":[{"count":5,"href":"http:\/\/rif.gdu.edu.az\/index.php?rest_route=\/wp\/v2\/pages\/515\/revisions"}],"predecessor-version":[{"id":6861,"href":"http:\/\/rif.gdu.edu.az\/index.php?rest_route=\/wp\/v2\/pages\/515\/revisions\/6861"}],"wp:attachment":[{"href":"http:\/\/rif.gdu.edu.az\/index.php?rest_route=%2Fwp%2Fv2%2Fmedia&parent=515"}],"curies":[{"name":"wp","href":"https:\/\/api.w.org\/{rel}","templated":true}]}}